Let l = -17 - y. Let o(c) = -c**3 + 4*c**2 + 5*c - 6. Calculate o(l).
-6
Let n(y) be the second derivative of -y**5/120 - 5*y**4/8 - 17*y**3/6 + 3*y**2/2 - y - 3. Let h(c) be the second derivative of n(c). Give h(0).
-15
Let f(u) = -35*u - 55. Let s(z) = -8 + 1 - 1 - 7*z - 3. Let a(g) = -4*f(g) + 22*s(g). Let x(i) = 2*i + 3. Let b(p) = 6*a(p) + 44*x(p). What is b(1)?
4
Let p(i) = -11*i - 30. Let m be p(-3). Let c(d) = 17*d**2 - 5*d - 7. Let f(s) = -4*s**2 + s + 2. Let n(y) = 2*c(y) + 9*f(y). What is n(m)?
-17
Let p be 63/(-3) - (-126)/7. Let b(h) = -3*h**2 - 29*h - 55. Calculate b(p).
5
Let s(v) = 20309*v**2 - 45*v + 15 + 11 - 20334*v**2 - v**3. Determine s(-23).
3
Let g be ((-1)/(-6) + (-2)/6)*-6. Let j(q) = -12*q**2 + 7*q. Let i(r) = -r. Let n(z) = -6*i(z) - j(z). Calculate n(g).
11
Let h(v) be the first derivative of -17*v**2 + v - 73. Let s(p) = 50*p - 2. Let b(k) = 7*h(k) + 5*s(k). Determine b(2).
21
Let g(z) = -2 - 2*z + z**3 - 2 + 3*z**2 + 3. Suppose -4*h + 12 = 4*m, 2*m + 13*h = 17*h - 36. Give g(m).
-9
Let r be 2 - (4 - 1) - -104*1. Let g(t) = -r*t - 1 + 4 + 213*t - 111*t. Let w = 4 + 1. Give g(w).
-2
Let r(o) = -8*o**3 - o**2 + 4*o + 6. Let b = -6428 - -6426. Calculate r(b).
58
Let n(b) be the first derivative of 29*b**2 - 353*b + 891. Calculate n(6).
-5
Let q(s) = -6*s - 10. Let g(o) = 20*o + 34. Let l(b) = -2*g(b) - 7*q(b). Suppose 6*z - 2*y + 11 = 7*z, 5*z + 4*y - 49 = 0. Determine l(z).
20
Let q(h) = -h**2 + 7*h + 5. Suppose 2*z - 210 = -2*k, 137 = 5*k - z - 382. Let v be 1/3 + k/12. Calculate q(v).
-13
Let c be (-3)/((-3 - -5) + 34/(-14)). Let w(k) = 9 - c - 13*k**2 - 13*k - 8 - k**3. Calculate w(-12).
6
Let y(i) be the second derivative of -5*i**4/12 - 5*i**3 - 15*i**2 - 5494*i. What is y(-6)?
-30
Suppose 77 = 3*j + 7*u - 3*u, 52 = 2*j + 3*u. Let g = 17 - j. Let y(c) = 4*c**2 - c**2 + 16*c - 25*c - 8 + 3*c - 4*c**2. Give y(g).
-8
Let l(y) = -y**3 - 7*y**2 - 7*y - 7. Suppose x - 16 = -3*x. Let g(k) = -2*k**2 + 7*k - 2. Let n be g(x). Let d be l(n). Let z(f) = 5*f + 1. Give z(d).
-4
Let p(y) = 7*y - 44*y - y - 16 + 16*y + 4*y. Give p(3).
-70
Suppose -13*w - 3*w = 16*w - 128. Let m(g) be the second derivative of -g**4/12 + 2*g**3/3 + 5*g**2/2 - 6*g. Give m(w).
5
Let q = -39 - -41. Let p(z) = -z**3 - 2*z**2 + z + 6. Let v(h) = 4*h**3 + 5*h**2 - 2*h - 19. Let i(w) = q*v(w) + 7*p(w). Give i(3).
4
Let w = -10138 + 10140. Let h(a) = -25*a + 54. Calculate h(w).
4
Let x(i) be the third derivative of i**5/40 - 7*i**4/24 + 9*i**3/2 - 18*i**2 - 2*i. Let r(g) be the first derivative of x(g). Give r(8).
17
Let s be -3 - -11 - (-1 - -1 - 1). Let j(n) = n**2 - 5*n + 5. Determine j(s).
41
Let a(r) be the third derivative of r**6/120 + 3*r**5/20 - 11*r**4/12 + 9*r**2 + 30. Determine a(-11).
0
Let q(f) = -f**3 + 5*f**2 - 3*f + 1. Let n = -89 + 131. Let x = 44 - n. Suppose 0 = -2*s + x + 4. Calculate q(s).
10
Suppose -259 = -19*v + 368. Suppose 38 = m + v. Let o(k) = -3*k. Determine o(m).
-15
Suppose -17*a - 234 + 149 = 0. Let g(k) = -10*k + 3. Let h(d) = 9*d - 2. Let w(s) = 3*g(s) + 4*h(s). Determine w(a).
-29
Let x(w) = 66*w - 67*w - 3*w**2 - 6*w**2 - 60*w**2. Give x(-1).
-68
Let l(p) = -p + 1. Suppose 103*y - 100*y = 9. Suppose 12*w = 9*w + y. Calculate l(w).
0
Let j(w) = 4*w - 2. Let f(g) = -g + 1. Let v(l) = -3*f(l) - j(l). Suppose 60 = q - 2*n, 90 = 3*q + n - 62. Let i = q - 57. Calculate v(i).
4
Let b = 13 - 3. Let z(k) be the first derivative of k**4/4 - 3*k**3 - 11*k**2/2 + 4*k - 27917. Calculate z(b).
-6
Let x(y) = -y**2 + 14*y + 17. Let i be x(15). Let n(d) be the first derivative of -95 + 10*d + 5 + d**2 - 12*d + d**3. Determine n(i).
14
Let a(y) be the second derivative of y**5/20 - 5*y**4/6 - 23*y**3/6 - 5*y**2/2 + 2*y - 52. Calculate a(12).
7
Suppose 3*l - 2*l + 5 = 0. Let g = -10 - l. Let d(r) be the third derivative of -r**5/60 - r**4/8 + r**3 + 117*r**2. Determine d(g).
-4
Let s(x) = -3*x - 18. Let h(i) = 2*i + 19. Let q(g) = 5*h(g) + 4*s(g). Suppose -11 = -3*u + 5*y, 20*u - 2*y + 58 = 24*u. Give q(u).
-1
Let o(r) = -r**2 + 6*r + 3. Let q(z) = z**2 - 5*z - 18. Let v be q(9). Let y be (v/(-12))/((-19)/8 + 2). Give o(y).
11
Let y be (-15)/(-2)*12/18 - -481. Let b(m) = -m - 464 - m + y. Determine b(10).
2
Let q(j) = j**2 + 5*j + 3. Let t(i) = 2*i**2 + 12*i - 62. Let d be t(-18). Let u be d/(-90) - 1/(-9). Calculate q(u).
-1
Let s = -3004 - -2994. Let y(q) = q**2 + 12*q + 9. Calculate y(s).
-11
Suppose -k + 15 = 4*s, -5*k - s = -k - 15. Let l(w) = -2*w**2 - 67*w - 6. Let r be l(-33). Let u(v) = 4 - 2*v - 26*v**3 - v - v - v**2 + r*v**3. Determine u(k).
10
Let b(l) = -l + 6*l - 4*l - 2*l. Let v be -4*-12*(-12)/288. Calculate b(v).
2
Let s(c) = c - 4. Suppose 3*u - 3 = 2*f, 0 = -4*f - f - 3*u - 39. Let d be (-33)/3*-1 + 12/f. Determine s(d).
5
Let z(q) = q**3 + 2*q**2 - 2*q + 1. Let g = 108 - 102. Let m be (g/(-8))/((99/(-44))/(-9)). What is z(m)?
-2
Let z = 29 + -3. Let h = -30 + z. Let j(t) = 5*t - 12. Let f(g) = 11*g - 26. Let d(s) = 6*f(s) - 13*j(s). What is d(h)?
-4
Let d(i) be the second derivative of -i**6/120 + i**5/5 - 3*i**4/8 - 2*i**3 - 103*i**2/2 - 2*i + 23. Let o(y) be the first derivative of d(y). Determine o(11).
10
Let s(f) = -4 - 17 + 34*f - 38*f. Let m be s(-6). Let d(y) be the third derivative of -y**5/60 - y**4/8 + 2*y**3/3 + 3*y**2. Calculate d(m).
-14
Let p(i) = 5*i + 6. Let f(v) = 3*v**2 - 43*v + 160. Let a be f(5). Suppose -5*y + a = o, -y - 15 = -4*o - 40. Determine p(o).
-19
Let x(w) = -101455 + 12*w**2 + w**3 - 101500 + 202900 - 32*w. What is x(-14)?
1
Let u(x) = 12*x**2 + 28*x. Let c be (-2)/(-1) + 4 - 11. Let b(a) = 4*a**2 + 10*a. Let h(t) = c*u(t) + 14*b(t). Determine h(1).
-4
Let g = 100 - 96. Let f(h) = 2*h**2 - 4*h**2 - 3 - 1 + g*h**2. Give f(-3).
14
Let p = -3 + 5. Let x(r) be the third derivative of r**6/120 + r**5/60 - r**4/12 + r**3/3 - 12304*r**2. Determine x(p).
10
Suppose 7*n - d + 1056 = 2*n, 3*n - 5*d + 616 = 0. Let q = n - -210. Let i(k) = k**2 + 2*k + 2. Calculate i(q).
2
Suppose 5*h = -2*i + 6, 11*h - 8*h - i - 8 = 0. Let d(g) be the third derivative of 0 - 11/24*g**4 + 15*g**h + 7/6*g**3 - 1/60*g**5 + 0*g. Calculate d(-11).
7
Let v(i) = 17*i + 1. Let y(g) = -5*g + 218. Let l(w) = v(w) - y(w). Calculate l(10).
3
Let f(y) be the second derivative of -1 + 7/2*y**2 + 54*y + 2/3*y**3. Calculate f(-4).
-9
Let x(d) be the third derivative of 41*d**4/12 + 817*d**3/6 + 9995*d**2. Give x(-10).
-3
Let o(t) = -9*t**2 + 7*t - 17. Let s = -559 + 566. Let n(u) = -16*u**2 + 16*u - 33. Let z(r) = s*o(r) - 4*n(r). What is z(11)?
-31
Let s(y) = -3*y**3 - 6*y**2 + 2*y - 7. Let q be 24/108 + -7 + 2/(-9). Let u(w) = 10*w**3 + 17*w**2 - 6*w + 21. Let x(g) = q*s(g) - 2*u(g). Determine x(-8).
23
Let d(r) = -27*r**2 + 43*r - 211. Let x(s) = -14*s**2 - s - 5. Let y(h) = -d(h) + 2*x(h). What is y(4)?
5
Let u(a) be the first derivative of -a**4/4 - 3*a**3 - 4*a**2 + 2*a + 1. Suppose 588*m - 44*m + 4352 = 0. Calculate u(m).
2
Let j be (-24)/(-11) + (-10)/55. Let s(x) = -2*x + x**3 + 7*x - 4*x + j*x**2 + 2. Let b = 62 - 64. Calculate s(b).
0
Let k(c) = 2*c**3 - 2*c**2 + 5*c - 40. Let s(i) = -3*i**3 + 4*i**2 - 8*i + 60. Let v(b) = -7*k(b) - 5*s(b). Give v(6).
10
Let l(z) be the third derivative of z**4/6 - 2*z**3/3 + z**2 + 476. What is l(4)?
12
Let f = -13 - -17. Suppose -27 = -5*w + 2*c, 2*w = f*w - 3*c - 13. Let h(l) = 10*l + w*l**2 - l**3 + 7 - 4*l + 0 + l**2. Calculate h(7).
0
Let n(z) = -z + 6. Suppose 2*b + 40 + 40 = 0. Let u be 15/b - 7/((-336)/354). Give n(u).
-1
Let o(x) be the second derivative of x**4/12 + 13*x**3/3 - 2*x**2 - 38*x. Determine o(-26).
-4
Let n(u) = 17*u**3 - 26*u**2 + 26*u + 11. Let y(t) = -9*t**3 + 14*t**2 - 14*t - 6. Let v(s) = 7*n(s) + 13*y(s). Give v(2).
15
Let g(c) be the third derivative of 7*c**4/24 - c**3/3 + 3547*c**2. Suppose 3*k = -2*x + 6*k + 8, -3*x + 3*k + 9 = 0. What is g(x)?
5
Let o = -10 - -11. Let f be (1/(o - 0))/(7/7). Let d(v) = f - 4*v - 5*v**2 - 1 + 3*v. Give d(-1).
-4
Let u be (8/6 - 135/162) + 5/2. Let l(j) = 6*j - 36. What is l(u)?
-18
Let l(k) = -k**3 - 10*k**2 + 9*k - 24. Let i be l(-11). Let x(f) = 3*f**2 - 8 - 4 + f + 10. Give x(i).
8
Let u(v) = v**2 + 4*v - 6. Let x(z) = -4*z + 121. Let d be x(30). Suppose h + d = -5*k, -56*h - 3*k = -58*h + 11. Calculate u(h)